95).
47
Let y(u) = -6*u**3 + 910*u**2 - 54*u. Determine y(0).
0
Let u(b) = 28713*b + 15. What is u(0)?
15
Let z(y) = -y**3 + 140*y**2 - 655*y - 2683. Give z(135).
17
Let n(v) = 2*v**3 + 61*v**2 + 193*v + 136. Determine n(-27).
28
Let a(i) = -i**2 - 1313*i + 319795. Calculate a(210).
-35
Let r(q) = -4944*q + 1216218. What is r(246)?
-6
Let g(c) = -4*c**2 + 15149*c + 197613. Determine g(-13).
0
Let i(m) = m**3 + 26*m**2 + 92*m + 904. Give i(-25).
-771
Let z(o) = -o**3 - 58*o**2 + 27068*o - 2765. Give z(138).
-5
Let w(s) = 920*s - 9036. Calculate w(10).
164
Let c(x) = 8*x**2 - 324*x - 1551. Calculate c(45).
69
Let s(y) = 2*y**3 - 9*y**2 + 2082*y - 8318. Calculate s(4).
-6
Let k(q) = -16976*q + 152803. Give k(9).
19
Let j(d) = 15635*d - 234421. What is j(15)?
104
Let z(d) = 2*d**2 - 678*d + 33049. Give z(59).
9
Let l(o) = 2*o**3 + 9*o**2 + 164*o + 882. Determine l(-5).
37
Let i(o) = -3*o**3 - 2*o**2 + 72*o + 195. Determine i(-3).
42
Let h(x) = 8940*x - 116261. Give h(13).
-41
Let i(s) = 840*s + 18472. Give i(-22).
-8
Let i(s) = -4*s**3 + 339*s**2 - 582*s + 69. Give i(83).
-14
Let g(k) = -2*k**3 + 94*k**2 + 109*k + 3898. Give g(49).
-365
Let n(k) = k**3 + 14*k**2 + 437*k + 6210. Give n(-14).
92
Let d(r) = -r**3 + 9*r**2 + 23*r - 112. Give d(9).
95
Let u(q) = -797*q**2 - 7490*q - 2818. Give u(-9).
35
Let k(s) = -8*s**2 - 271*s + 2210. Determine k(7).
-79
Let c(d) = 405*d - 177717. Determine c(439).
78
Let c(l) = -2*l**3 - 206*l**2 - 235*l - 2664. Give c(-102).
498
Let q(y) = y**2 - 14*y - 11013. What is q(112)?
-37
Let p(z) = -3*z**2 - 103910*z + 311740. Calculate p(3).
-17
Let s(b) = -b**3 + 126*b**2 - 87*b - 4457. Determine s(125).
293
Let q(f) = -510*f**3 - 8157*f**2 + 46*f - 35. Determine q(-16).
-3
Let c(b) = -288*b + 34745. What is c(120)?
185
Let c(y) = 5*y**2 + 861*y - 37164. Calculate c(-208).
68
Let g(i) = 1261*i - 12948. What is g(9)?
-1599
Let d(u) = -3*u**3 + 28*u**2 - 31172*u + 280461. Determine d(9).
-6
Let c(u) = -2*u**2 + 6090*u + 36616. Give c(-6).
4
Let g(y) = 71246*y - 7552066. Determine g(106).
10
Let w(o) = -6*o**3 + 548*o**2 - 193*o + 906. What is w(91)?
-95
Let b(m) = m**3 + 20*m**2 + 2027*m + 35875. Determine b(-18).
37
Let v(h) = h**3 - 27*h**2 - 561*h - 546. Give v(-13).
-13
Let w(q) = -2*q**3 + 46*q**2 + 385*q - 44. What is w(-7)?
201
Let l(h) = 563*h**3 + 2814*h**2 + 236*h + 1201. Calculate l(-5).
-4
Let s(p) = -27*p - 74. Calculate s(-18).
412
Let z(a) = 6*a**3 + 2*a**2 - 439*a - 1784. Give z(-4).
-380
Let j(s) = 12*s**2 + 7386*s + 125601. Determine j(-598).
21
Let l(p) = -3*p**3 + 3*p**2 - 68*p - 213. Give l(-3).
99
Let c(d) = 80*d**3 - 2*d**2 - 6025*d - 6025. Calculate c(-1).
-82
Let v(f) = 3749*f + 30034. What is v(-8)?
42
Let n(k) = 25783*k - 2191571. What is n(85)?
-16
Let x(h) = -h**3 - 157*h**2 + 322*h + 484. Give x(-159).
-152
Let b(o) = -101*o**3 + 9*o**2 + 11*o - 26. Determine b(1).
-107
Let p(y) = 3218*y - 1428784. Give p(444).
8
Let u(f) = 3785*f - 64386. Calculate u(17).
-41
Let g(m) = -m**2 + 15825*m + 79160. Give g(-5).
10
Let f(v) = v**2 - 116*v - 7082. Determine f(-45).
163
Let p(m) = -m**3 - 99*m**2 + 5*m - 596. Determine p(-99).
-1091
Let r(q) = -q**3 + 149*q**2 + 32679*q - 2418. Calculate r(270).
12
Let x(v) = -32*v**2 + 284*v - 221. Give x(8).
3
Let h(c) = -c**3 - 11*c**2 + 701*c + 9452. Give h(-14).
226
Let r(u) = 17*u**2 - 11*u - 21. Give r(0).
-21
Let f(c) = c**2 - 77*c - 10028. Determine f(-62).
-1410
Let f(v) = -81*v**2 + 785*v + 418. Calculate f(10).
168
Let n(q) = -56*q**2 + 567*q - 21. What is n(10)?
49
Let k(p) = -p**2 - 365*p - 12011. Calculate k(-38).
415
Let y(j) = 8*j**3 + 138*j**2 + 31*j - 29. Calculate y(-17).
22
Let n(v) = -5*v**2 + 3460*v + 181546. Calculate n(741).
1
Let f(x) = 4*x**2 + 28*x + 427. Calculate f(-11).
603
Let t(z) = 23581*z + 70773. Determine t(-3).
30
Let w(o) = -44*o + 6534. Calculate w(112).
1606
Let p(y) = -4354*y - 2773496. Determine p(-637).
2
Let i(n) = -5*n**3 - 27*n**2 - 67*n - 266. What is i(-5)?
19
Let u(c) = -2*c**3 + 16*c**2 - 43541*c + 174040. Calculate u(4).
4
Let x(i) = 5782*i - 1254687. Give x(217).
7
Let x(z) = -5*z**2 + 12091*z + 72733. Calculate x(-6).
7
Let g(f) = -13951*f + 125930. Calculate g(9).
371
Let d(f) = -318884*f + 5739902. Determine d(18).
-10
Let g(d) = 2*d**2 + 216*d + 2378. Give g(-11).
244
Let d(c) = 2*c**2 + 2085*c + 459144. Determine d(-316).
-4
Let j(h) = -3*h**3 - 540*h**2 - 29*h - 4998. Determine j(-180).
222
Let d(i) = 1149*i + 7642. Calculate d(-7).
-401
Let n(y) = 26*y**2 + 1927*y + 5846. Calculate n(-71).
95
Let p(k) = -2*k**3 + 13*k**2 + 631*k + 707. Determine p(-14).
-91
Let k(s) = -76827*s - 1920679. What is k(-25)?
-4
Let x(o) = 102153*o - 1123692. Calculate x(11).
-9
Let l(x) = -x**2 - 1419*x - 5642. What is l(-4)?
18
Let t(k) = -637633*k - 637582. What is t(-1)?
51
Let h(o) = -o**2 - 278465*o - 556925. Give h(-2).
1
Let r(y) = 8*y**3 + 1724*y**2 + 2*y + 17. What is r(0)?
17
Let s(o) = -o**3 - 66*o**2 + 321*o + 12646. Calculate s(-68).
66
Let b(z) = 757*z**3 + 235*z**2 + 230*z - 5. What is b(-1)?
-757
Let v(a) = -a**3 + 104*a**2 + 413*a - 648. Give v(-5).
12
Let j(p) = -178*p + 8557. What is j(58)?
-1767
Let j(h) = -3*h**3 + 111*h**2 + 602*h - 22258. Calculate j(37).
16
Let q(s) = -121*s**2 + 55*s + 62. Calculate q(-1).
-114
Let a(x) = 193*x - 588. Calculate a(4).
184
Let u(w) = 1306*w**2 - 169*w - 171. Give u(-1).
1304
Let z(q) = 3*q**3 - 32*q**2 - 222*q + 626. What is z(15)?
221
Let a(n) = 229237*n + 916936. What is a(-4)?
-12
Let k(n) = -20991*n + 1175671. What is k(56)?
175
Let k(n) = n**2 - 239*n + 4231. What is k(18)?
253
Let f(d) = d**3 + 56*d**2 - 219*d + 1233. What is f(-60)?
-27
Let z(h) = -13*h**2 + 120*h - 343. Determine z(5).
-68
Let q(c) = -60*c**3 - 299*c**2 + 3*c + 93. What is q(-5)?
103
Let g(i) = i**3 - 131*i**2 - 1721*i + 699. Give g(143).
-16
Let w(r) = -94*r**2 - 213*r + 628. Determine w(3).
-857
Let d(r) = 104938*r - 524678. Determine d(5).
12
Let s(d) = -309*d**2 - 2452*d - 4901. What is s(-2)?
-1233
Let q(m) = 3*m**2 + 11490*m + 700852. What is q(-62)?
4
Let x(h) = 2380*h + 1715971. Give x(-721).
-9
Let i(r) = -255278*r - 5616121. Calculate i(-22).
-5
Let f(v) = 743*v - 52920. Give f(69).
-1653
Let c(d) = 4*d**3 + 7*d**2 + 28*d + 188. Determine c(-6).
-592
Let g(n) = 77*n**2 - 1108*n - 43. Determine g(14).
-463
Let j(x) = -x**3 - 616*x**2 - 89611*x + 26227. What is j(-380)?
7
Let l(f) = -102*f**2 + 466*f - 466. Calculate l(1).
-102
Let y(h) = -209*h - 10793. What is y(-37)?
-3060
Let o(k) = 107*k**2 + 49656*k + 3707. Determine o(-464).
-5
Let w(o) = -56*o**2 + 2588*o - 20550. Calculate w(36).
42
Let d(m) = 2*m**2 - 561638*m - 3931550. Give d(-7).
14
Let q(z) = 44450*z + 444520. Determine q(-10).
20
Let c(p) = 755*p + 17549. Determine c(-23).
184
Let c(k) = -k**3 - 152*k**2 + 231*k + 11253. Give c(-153).
-681
Let t(n) = -33*n - 2975. Give t(-104).
457
Let p(s) = 2408*s + 327552. Determine p(-136).
64
Let y(w) = -4*w**2 - 1008*w - 49108. Give y(-66).
-4
Let l(m) = 22*m**2 + 451*m + 2257. Calculate l(-12).
13
Let m(q) = q**3 + 127*q**2 - 7680*q - 26677. Determine m(-171).
-1
Let p(a) = a**3 - 373*a**2 - 220750*a - 627. Determine p(-319).
11
Let k(x) = -28*x**2 + 13216*x + 13216. What is k(-1)?
-28
Let i(k) = -6*k**3 + 367*k**2 + 572*k - 38604. Calculate i(61).
9
Let u(o) = 2*o**3 - 2*o**2 - 700*o + 4698. Give u(8).
-6
Let c(w) = 21*w**3 - 356*w**2 + 1516*w - 26190. Calculate c(17).
-129
Let m(n) = -8909*n - 106921. Give m(-12).
-13
Let f(s) = -10915*s - 141894. What is f(-13)?
1
Let u(h) = -645*h - 128872. Give u(-200).
128
Let q(l) = -16*l**2 - 4612*l - 14997. Calculate q(-285).
-177
Let i(f) = 2606*f + 3165. Determine i(-2).
-2047
Let a(g) = -2*g**2 + 2240*g - 406746. Give a(228).
6
Let m(t) = -2*t**3 + 175*t**2 + 2726*t - 44. Determine m(101).
-145
Let p(g) = 491*g**2 + 22*g - 10. Give p(1).
503
Let c(y) = 4*y**3 + 9*y**2 + 8*y - 15. What is c(-4)?
-159
Let z(v) = 78*v**2 - 3116*v - 140. Give z(40).
20
Let h(q) = q**2 + 6198*q - 2457922. Calculate h(374).
6
Let c(p) = 3264*p + 450611. Calculate c(-138).
179
Let a(d) = 92*d - 17303. Determine a(188).
-7
Let r(i) = -161*i**2 + 427*i - 277. Calculate r(1).
-11
Let v(c) = -2*c**2 - 737*c + 4395. Give v(6).
-99
Let a(k) = -k**3 + 128*k**2 - 188